 t(l)?
3
Let w(h) = 4*h**2 + 22*h**2 + 27*h - 24*h**2 - 22*h**3 + 6 - 20*h. Give w(-1).
23
Let b(d) = 8*d**2 + 14*d + 311. Let n(h) = 3*h**2 + 7*h + 155. Let s(p) = 2*b(p) - 5*n(p). Let g(l) be the first derivative of s(l). Calculate g(8).
9
Suppose -25 = -5*y + t, 5*y + 3*t = 7*t + 10. Suppose x - y + 2 = 0. Let o(v) = 2*v - 122 + 39 + 58 + 29. Calculate o(x).
12
Let g = -88 - -79. Let h(l) = 2*l**2 + 20*l + 11. Determine h(g).
-7
Suppose a + 30 = 5*d - 2*a, 2*a - 12 = -2*d. Suppose d*y + 12 = 10*y. Let x be 4/(-10) - ((-74)/10 + y). Let o(v) = -3*v + 5. Calculate o(x).
-7
Let w(p) = -2*p + 15. Let k be w(-3). Let q(g) = -k - g + 27 - g. Let n = 9 - 3. Give q(n).
-6
Suppose -4*y - 12 = 0, 9 = 4*n - 5*n - 3*y. Suppose -12 = -4*v - n. Let i(b) = -44391091*b**2 + 44391095*b**2 + 2*b**3 + 3*b - 4 - 3*b**3. Calculate i(v).
14
Let p = 3 - 8. Let c(t) = -181*t - 8 - 5 - 176*t - t**2 + 11 + 357*t. What is c(p)?
-27
Let s = 96 + -93. Let j(y) = -10 + 13*y**s - 10*y**2 - 25*y**3 + 13*y**3 - 10*y. Determine j(11).
1
Suppose 0 = 12*i + i - 52. Let b(w) be the third derivative of w**4/24 - w**3/6 + 9*w**2. Let s(y) = -5*y + 3. Let z(h) = 3*b(h) + s(h). What is z(i)?
-8
Suppose -2*z + 6*z + h - 9 = 0, 2*h = -3*z + 8. Let q(w) = -w**3 + 239 - w + 4*w**2 - 243 + 2*w**3 - z*w**3. Calculate q(3).
2
Let l(y) = -1 - y**2 - y**2 + 2*y + 0*y + 5*y**3. Let b(q) = -q**3 + 3*q**2 + 12*q - 9. Let x(n) = 5*n + 75. Let r be x(-14). Let k be b(r). Give l(k).
4
Let v = -8121 + 8114. Let y(k) = k**3 + 7*k**2 - 7*k - 10. What is y(v)?
39
Let q(i) = i**3 + 20*i**2 - 25*i - 42. Let g be 1155/220*(-4 - 0). What is q(g)?
42
Let y be (11/(-264)*-12)/12. Let h(c) be the third derivative of y*c**4 + 0 + 1/6*c**3 + 0*c + 3*c**2. Determine h(0).
1
Let t(f) = 2*f - 3 - 2*f - f**2 + 4 - 1462*f**3 + 1459*f**3. Let g be (-3)/((-12)/1)*4. Determine t(g).
-3
Let o(l) = -2*l**3 + 7*l**2 + 3*l + 8. Let p be o(4). Let c(d) = -3*d + 9*d**2 + 2 - 8*d**3 - p + 7*d**3 - 4*d. Calculate c(8).
6
Suppose f - 3*k = 4, -k + 158 - 94 = -5*f. Let x(j) = j**3 + 13*j**2 - 13*j + 29. Give x(f).
15
Let u(s) = -s - 7. Suppose -7*f + 267 = -2*f - 2*z, f + 2*z = 51. Suppose f = 11*d + 152. Determine u(d).
2
Let c(h) = -h**3 - 12*h**2 - 9*h - 3. Suppose -8*a = -14*a - 72. Let r be c(a). Let y = r - 109. Let b(s) = -s + 1. Give b(y).
5
Let q(b) = 2*b**3 + 19*b**2 + 9*b + 17. Let m = 4223 + -4232. Determine q(m).
17
Let j(v) be the third derivative of 23*v**4/12 - v**3/2 + 3*v**2 + 182. Calculate j(1).
43
Suppose 2*c + 2*r + 0 = -6, 5*r - 15 = 0. Let h(j) = 9*j + 44. Determine h(c).
-10
Let i(b) be the third derivative of b**6/120 + 4*b**5/15 + 17*b**4/24 + 17*b**3/3 - 59*b**2 + 2*b. Let f be i(-15). Let h(n) = n**2 - 6*n + 1. Calculate h(f).
-7
Let t(g) = -2*g**2 + 10*g - 6. Let b be t(4). Let j(h) = h**3 + 5*h**b - 3*h + 5 - 6 + 3*h. Let n be -10*((-38)/(-4) - 9). Give j(n).
-1
Let j(l) = 14*l + 141*l**2 + 2*l**3 - 1 - 134*l**2 + 4*l - 26*l - 1. Give j(-4).
14
Let q(n) = -11*n + 16. Let u be -4 + (-162)/(-42) + (-15)/(-7). Determine q(u).
-6
Let z(i) = -6*i + i - 14 - i**3 + 7*i**2 + 4*i**2 - 3*i**2. Let d be z(7). Let w(a) = -a**3 + 217*a + 14 - 4 + a**2 - 113*a - 103*a. Calculate w(d).
10
Let w(o) = o**2 + 4*o + 3. Suppose -y - 3*f - 28 = 2*f, 0 = -y + 5*f + 12. Let j be (22/(-8))/(y/(-96)). Let q = j + 28. What is w(q)?
8
Let f(s) = 13*s**3 + 27*s**2 + 5*s. Let x(k) = 8*k**3 + 13*k**2 + 3*k - 1. Let j(p) = -3*f(p) + 5*x(p). Determine j(16).
-5
Let d be (-9 - (-9 - -9) - -18) + -8. Let k(s) = 18*s**2 - 3*s + 2. Give k(d).
17
Let y(z) be the second derivative of -z**5/20 - 2*z**4/3 - 17*z**3/6 + 2*z**2 - 4027*z. What is y(-7)?
74
Let g(b) = -6*b - 7. Suppose -3516*s = -3500*s - 176. Give g(s).
-73
Let p(o) = -8*o**2 - 7*o + 45*o - 1 - 38*o. Determine p(1).
-9
Suppose -g = 3*g - 24. Let o(r) = -28*r**2 + 5 - r + 119*r**3 + 2*r - 124*r**3. Let n(s) = 2*s**3 + 13*s**2 - s - 3. Let t(h) = -7*n(h) - 3*o(h). What is t(g)?
-6
Let a = 17 + -12. Let i(r) = -r**3 + 388 - 8*r - 129 - 126 - 130 + 6*r**2. Determine i(a).
-12
Suppose -63 = -39*r + 131 + 157. Let n(x) = -x**2 + 9*x + 17. Determine n(r).
17
Let k(h) = -h**3 + 341 - h**2 - h - 677 + 335. Let b(i) = 5*i + 13. Let n be b(-3). Determine k(n).
5
Let m(l) = -l**2 - 23*l - 87. Let h(g) = -2*g**2 + 155*g + 73. Let c be h(78). Give m(c).
3
Suppose 679 + 1226 - 1149 = -18*q. Let y(a) = -5*a - 184. Give y(q).
26
Let q be ((5 - (-81)/(-18))*-2)/(2/(-18)). Let h(j) = 19*j - 175. Give h(q).
-4
Suppose 24 = x + 3*g, 3*x + 92 - 52 = 5*g. Let f(v) = v**3 - v**2 + 2*v - 18. Give f(x).
-18
Let z(v) = v**3 - 9*v**2 + 6*v - 55. Let i be z(9). Let k = 9 - i. Let m(d) = -d**3 + 10*d**2 - d + 9. Determine m(k).
-1
Let c = -82 + 92. Suppose -4*b = -3*w + 3, w + c = 5*b - 0*w. Let v(r) = -7*r**2 - 122*r**3 + 1 + 3*r**2 - r + 123*r**b. Determine v(3).
-11
Let c be -8*(-456)/192 + -22. Let a(r) be the first derivative of -2*r**2 + r - 2. What is a(c)?
13
Let v(g) = -2*g**2 - 47*g - 107. Let f be v(-21). Let q(n) = 5*n**3 - 4*n**2 - 4*n + 3. Give q(f).
-45
Let l(m) = -4*m + 1. Let s(i) = 7*i - 2. Let t(v) = 13*l(v) + 6*s(v). Let y(u) = u - 1. Let f(p) = t(p) + 4*y(p). Give f(-2).
9
Let p = -76697 + 76706. Let w(q) = -5*q - q + 5 + 5*q. What is w(p)?
-4
Let l(r) = 0 - 7*r + r**2 + 6 - 1 - 3. Let n = 202 + -202. Let t(x) = -x**2 + 2*x + 4. Let m be t(n). Calculate l(m).
-10
Suppose -49 - 39 = -11*x. Let t(k) = -3 + 3 - x + 2*k + 7. Give t(-3).
-7
Let u(d) = d**2 - 10*d + 20. Let m(j) = 36*j + 186. Suppose 0 = -4*k - 8, 0 = 2*a - 4*k + 12 - 10. Let g be m(a). What is u(g)?
-4
Let o be 241/(-9) + (-2)/9. Let a = 30 + o. Let w(x) = 0 - a + 5 - 4*x + x. What is w(-3)?
11
Suppose 2*u + 5*v - 11 = 0, 2*u - 4*v - v - 41 = 0. Let j(g) = 9 - 23 - g + u + 11*g. What is j(1)?
9
Let j(c) be the second derivative of c**3/6 - 3*c**2/2 - 2131*c. Calculate j(7).
4
Let s(w) = -w**3 + 5*w**2 - 2*w + 7. Let g be s(5). Suppose l + 12 = -4*m, 0 = -3*l + 8*l + 3*m + 9. Let p(x) = 1 - 6 + l - 4*x - 3*x**2 + 3. Calculate p(g).
-17
Let d(y) be the second derivative of -2*y**4/3 - 19*y**3/3 - 17*y**2/2 - 170*y. Let w(v) = v**2 + 3*v + 1. Let j(n) = d(n) + 6*w(n). Give j(-9).
7
Suppose -5*m + 102 = m. Suppose 4*d + 33 = 5*f, -2*f + d = f - m. Let j = 3 - f. Let b(s) = -s + 2. Calculate b(j).
4
Suppose -5*a + 179 = -4*d, -2*a = 2*a + d - 139. Suppose 0*k = -7*k + a. Let u(f) = f + 0*f + 0*f. Calculate u(k).
5
Suppose -5*c - r + 2 = -8, -2*c + 16 = -2*r. Let p(x) = -8 + 3 + 4*x - 3 - c*x. Suppose -2*q - 20 = -2*k, -28*k + 23*k + 14 = 4*q. Determine p(k).
-2
Let d(c) be the second derivative of c**3/2 - 9*c**2 + 965*c. Calculate d(7).
3
Let x(g) = g**3 + 13*g**2 + 15*g + 40. Suppose 2*n + 16 = -r + 6, n - 1 = 0. Calculate x(r).
4
Let o(a) = 12*a - 630. Let u = 19545 + -19492. Give o(u).
6
Suppose -9*h - 160 = -25. Let o = h + 17. Let i(n) be the first derivative of -n**4/4 + n**3 - n + 3. What is i(o)?
3
Let i = 71 - 74. Let z be 5/((-7 - -3)*i/36). Suppose -3*s + z = -5*x, 2*s + 14 + 8 = -2*x. Let f(d) = -d**3 - 5*d**2 + 7*d + 3. Calculate f(x).
-3
Let z = -7071 + 7072. Let n(f) = -f**2 + f + 2. Give n(z).
2
Let n(p) be the third derivative of -5*p**4/8 - 9*p**3/2 + 2733*p**2. Give n(-6).
63
Let s = -3235 - -3258. Let m(v) be the second derivative of -1/12*v**4 + 3/2*v**2 - s*v + 2/3*v**3 + 0. Determine m(5).
-2
Let o(k) = -k**2 + 6*k + 4. Let m = 25256 + -25256. Give o(m).
4
Let s(p) = 12. Let w(q) = 2*q**3 - 12*q**2 - 12*q - 19. Let t be w(7). Let r(c) = c - 10. Let u(i) = t*r(i) - 4*s(i). Calculate u(-4).
22
Suppose 3 = 3*t - 6. Let g(m) = -m**t - 4 + 0 + 6*m**2 + 7*m + 6. Let q(z) = -189*z - 4151. Let b be q(-22). Calculate g(b).
2
Suppose -10 = -463*j + 466*j + 2*f, 3*f - 2 = 4*j. Let m(p) = 9*p + 1. Determine m(j).
-17
Let x(u) be the third derivative of u**7/1260 + 13*u**6/720 - u**5/120 + 179*u**4/24 + 15*u**2 - u. Let l(c) be the second derivative of x(c). Give l(-7).
6
Let c be (-4)/22 + (-18)/22. Let a(x) = -x + 2. Let k(w) = w - 16. Let j be k(14). Let n(z) = -2*z + 3. Let m(y) = j*n(y) + 3*a(y). Determine m(c).
-1
Let j = 1948 + -1936. Let o(h) = -h**3 + 11*h**2 + 12*h + 5. Calculate o(j).
5
Let o(m) = m**2 + 7*m - 11. Let g(v) = -8*v - 32. Suppose 0 = 53*b - 45*b + 24. Let a be g(b). Calculate o(a).